 - 3563?
-3560
In base 16, what is 1c1a - -d?
1c27
In base 9, what is 40 + 1474?
1524
In base 16, what is -30 - 1893?
-18c3
In base 6, what is -1425 + -3134?
-5003
In base 6, what is 5 + -2115220?
-2115211
In base 4, what is 322231 - 32?
322133
In base 4, what is -1010 + -13301?
-20311
In base 16, what is -108 + -269d?
-27a5
In base 5, what is 22 + 330104?
330131
In base 7, what is 42335 - 0?
42335
In base 7, what is -466 + -32?
-531
In base 6, what is 445250 + -13?
445233
In base 15, what is 207 + 65?
26c
In base 8, what is 0 - 3660464?
-3660464
In base 9, what is -16 + -3226?
-3243
In base 10, what is -91 - 14?
-105
In base 13, what is -16 + 5006?
4cc0
In base 15, what is -4 + -8e8?
-8ec
In base 8, what is -3524 + -13?
-3537
In base 10, what is -9466 - 10?
-9476
In base 10, what is -1 + -43640?
-43641
In base 4, what is -3101120 - -10?
-3101110
In base 14, what is -840d - -20?
-83cd
In base 9, what is -704561 - 1?
-704562
In base 9, what is -165 + 814?
638
In base 3, what is -112201222 + -1?
-112202000
In base 15, what is -387d - 3?
-3881
In base 7, what is 3 + -35255?
-35252
In base 4, what is 1 + -31302021?
-31302020
In base 16, what is 2 + 6c06?
6c08
In base 4, what is 10321330 + 2?
10321332
In base 7, what is -400611 + -6?
-400620
In base 5, what is 12300 - 1303?
10442
In base 13, what is -81b - 4ac?
-cca
In base 6, what is -3 - -551321?
551314
In base 7, what is -14 + 30226?
30212
In base 7, what is -5 + 5225616?
5225611
In base 4, what is 11021030 - 20?
11021010
In base 16, what is 9f - ae6?
-a47
In base 14, what is -3 - a3d0?
-a3d3
In base 12, what is 7707 + -2?
7705
In base 9, what is 11603 - -53?
11656
In base 10, what is -1818616 + -4?
-1818620
In base 9, what is 70363 - -3?
70366
In base 10, what is 2787 + 27?
2814
In base 16, what is -28f - -1?
-28e
In base 14, what is -103 + -20c8?
-21cb
In base 5, what is 21331 - -12?
21343
In base 5, what is -132 + 21443?
21311
In base 8, what is 2024 - -1657?
3703
In base 14, what is 19 + -869?
-850
In base 3, what is 10120221202 - 101?
10120221101
In base 10, what is 2426 + -33?
2393
In base 6, what is -1224115 + 102?
-1224013
In base 8, what is -750 - 200?
-1150
In base 11, what is 4 - -18a3a1?
18a3a5
In base 10, what is -2865 + 242?
-2623
In base 12, what is 2a326 - 2?
2a324
In base 10, what is 6 - 6716?
-6710
In base 2, what is 100 - -11101100000110?
11101100001010
In base 7, what is 144 - -1351?
1525
In base 4, what is -1 - 232331203?
-232331210
In base 14, what is 11a55 + -37?
11a1c
In base 9, what is 111385 + -5?
111380
In base 2, what is 11011 - 10001010100111?
-10001010001100
In base 3, what is -1002102010 + -1?
-1002102011
In base 10, what is 480 + 95?
575
In base 4, what is -3030 + -12110?
-21200
In base 15, what is -72a63 - 0?
-72a63
In base 16, what is -37 - 8fe1?
-9018
In base 15, what is -2 + 1a593?
1a591
In base 14, what is -2a434 - 4?
-2a438
In base 16, what is 57 + -6f?
-18
In base 13, what is 410b9 + 3?
410bc
In base 15, what is -4 + -15c32?
-15c36
In base 13, what is -23 - 11523?
-11546
In base 16, what is -449fe - 7?
-44a05
In base 14, what is -35b0 + 2?
-35ac
In base 16, what is -2a6 - -5?
-2a1
In base 5, what is 32 + 4320013?
4320100
In base 10, what is -310588 - -1?
-310587
In base 4, what is -11 + 102310?
102233
In base 15, what is 5e - -5137?
5196
In base 12, what is -483b3 + -5?
-483b8
In base 10, what is 0 - 21811?
-21811
In base 6, what is -2 + -252343?
-252345
In base 13, what is 2 + -cb9ab?
-cb9a9
In base 6, what is -11024 + -10232?
-21300
In base 14, what is 33c - -390?
6cc
In base 15, what is e84 + 182?
1116
In base 10, what is 3 - 1508695?
-1508692
In base 9, what is 130768 - -1?
130770
In base 5, what is -221 + 11200?
10424
In base 13, what is -2200 + -29?
-2229
In base 16, what is 4 - -31c?
320
In base 10, what is 4 + 12885?
12889
In base 14, what is 1458 - 81?
13b7
In base 2, what is 111 - -11110100010001?
11110100011000
In base 14, what is 11 - 2d091?
-2d080
In base 12, what is -102371 + 3?
-10236a
In base 14, what is -34 - 388?
-3bc
In base 9, what is -16 + 2218?
2202
In base 8, what is 4 - -32226?
32232
In base 13, what is 3 + 324050?
324053
In base 6, what is 3551 + -334?
3213
In base 15, what is -75e - 5?
-764
In base 2, what is 101010001110011 - 110?
101010001101101
In base 3, what is 10021021 + 211?
10022002
In base 10, what is -8 + -34660?
-34668
In base 16, what is -24c + c?
-240
In base 10, what is 15800 + 3?
15803
In base 15, what is -35 + 3682?
364c
In base 16, what is a - -fab?
fb5
In base 14, what is -a8 - -903?
839
In base 7, what is 5 + -143131?
-143123
In base 7, what is 330224 - 5?
330216
In base 9, what is -41 + -386?
-437
In base 3, what is -12020 + 1020?
-11000
In base 10, what is -284 + 777?
493
In base 12, what is 34017 - -6?
34021
In base 5, what is -1122023 + -21?
-1122044
In base 16, what is 46 - -168?
1ae
In base 4, what is -1200233 + -2?
-1200301
In base 6, what is -1 - -10522233?
10522232
In base 5, what is 113003 - -344?
113402
In base 2, what is 110101 - 1100110110011?
-1100101111110
In base 16, what is 6a85 + -5b?
6a2a
In base 4, what is 210 - -1122?
1332
In base 11, what is -15a + -158?
-307
In base 2, what is -10100101110 - -10?
-10100101100
In base 8, what is 431643 + -5?
431636
In base 7, what is -1356 - -405?
-651
In base 3, what is -1022021 - 120111?
-1212202
In base 9, what is 3 + 32167?
32171
In base 14, what is 10cd0 + b?
10cdb
In base 3, what is -21 + 1111221?
1111200
In base 3, what is 1220112200 + 1?
1220112201
In base 10, what is 32758 - -2?
32760
In base 2, what is 101010 + -11111011110110?
-11111011001100
In base 8, what is -43 - 11270?
-11333
In base 4, what is 212 + 111233?
112111
In base 8, what is 1 - 200516?
-200515
In base 15, what is 322 + -27?
2ea
In base 14, what is 2bcd - -2?
2bd1
In base 9, what is -78632 + 0?
-78632
In base 3, what is -100 - 101200020?
-101200120
In base 9, what is 48212 - 3?
48208
In base 3, what is 2212022220 + 0?
2212022220
In base 15, what is -3 + 3718?
3715
In base 3, what is 2220020 + 101220?
10022010
In base 7, what is 3216 + -1640?
1246
In base 8, what is 2 + 20473?
20475
In base 16, what is 4a + 27?
71
In base 10, what is 34 + -1356?
-1322
In base 5, what is 4 - -20001441?
20002000
In base 14, what is 160 + 271?
3d1
In base 16, what is -2 + 268aa?
268a8
In base 7, what is -32 - 1015243?
-1015305
In base 14, what is -12 + -691?
-6a3
In base 14, what is -616 + 6?
-610
In base 15, what is -8e4c4 + -1?
-8e4c5
In base 15, what is -31 + -108a?
-10bb
In base 6, what is -24 - -143204?
143140
In base 14, what is d7252 - -2?
d7254
In base 7, what is 2350324 + 1?
2350325
In base 4, what is 22 + -1002332?
-1002310
In base 15, what is -2 - 4386a?
-4386c
In base 2, what is -101000111100101 + -1011?
-101000111110000
In base 3, what is 1111 - 11220221?
-11212110
In base 2, what is 10000010101010101 + -101?
10000010101010000
In base 7, what is -414620 - 0?
-414620
In base 3, what is 1120201111 - -12?
1120201200
In base 15, what is 2 - -3363?
3365
In base 7, what is -36 - 1145?
-1214
In base 6, what is -2210 + 302?
-1504
In base 10, what is 1957 + -8?
1949
In base 2, what is 10101 - -1011011100101011?
1011011101000000
In base 5, what is 410 - 1442?
-1032
In base 10, what is -10971 + 24?
-10947
In base 4, what is 111 - -203131300?
203132011
In base 6, what is 4252 - -32?
4324
In base 16, what is -14 - -617?
603
In base 6, what is -12023 - 12?
-12035
In base 7, what is -53553 - -10?
-53543
In base 4, what is -11113 + -123?
-11302
In base 14, what is -1996d + 1b?
-19952
In base 2, what is -11 - -10001010011110100?
10001010011110001
In base 13, what is -87792 + 5?
-8778a
In base 4, what is 11 - 2020331?
-2020320
In base 4, what is -3 - 13211002?
-13211011
In base 13, what is 5 + 4c20?
4c25
In base 3, what is 11212202021 - -12?
11212202110
In base 4, what is -10 - -3203012?
3203002
In base 13, what is -5 + 476a?
4765
In base 4, what is 2 + 320033232?
320033300
In base 15, what is 3 - -62c90?
62c93
In base 4, what is 2333 - 1013?
1320
In base 10, what is -1918221 - 4?
-1918225
In base 11, what is 114 + -258?
-144
In base 5, what is 1 - 1314340?
-1314334
In base 8, what is 44 + 3220?
3264
In base 7, what is -1 - -3536336?
3536335
In base 8, what is 1 + -4445?
-4444
In base 11, what is -17 - 1